2, 17, 23, 41
List the prime factors of 1429262.
2, 557, 1283
What are the prime factors of 1864403?
23, 103, 787
What are the prime factors of 2402191?
11, 218381
What are the prime factors of 17426168?
2, 2178271
List the prime factors of 268255.
5, 13, 4127
List the prime factors of 8461584.
2, 3, 6529
List the prime factors of 6418558.
2, 3209279
What are the prime factors of 657499?
657499
List the prime factors of 206649.
3, 22961
List the prime factors of 809290.
2, 5, 80929
What are the prime factors of 10022377?
769, 13033
What are the prime factors of 1312277?
1312277
What are the prime factors of 887286?
2, 3, 147881
List the prime factors of 512153.
673, 761
What are the prime factors of 32971?
32971
What are the prime factors of 17834713?
13, 41, 33461
List the prime factors of 10089321.
3, 11, 41, 7457
What are the prime factors of 152701?
311, 491
List the prime factors of 80706.
2, 3, 13451
List the prime factors of 138709.
59, 2351
List the prime factors of 60105.
3, 5, 4007
What are the prime factors of 97467?
3, 53, 613
List the prime factors of 7666043.
7, 11, 99559
List the prime factors of 13356759.
3, 13, 342481
What are the prime factors of 155797?
155797
List the prime factors of 6034796.
2, 17, 88747
What are the prime factors of 59927?
7, 1223
List the prime factors of 2911736.
2, 363967
List the prime factors of 2775602.
2, 1387801
List the prime factors of 226151.
17, 53, 251
List the prime factors of 1414664.
2, 19, 41, 227
List the prime factors of 15455633.
73, 193, 1097
List the prime factors of 265279.
7, 37897
List the prime factors of 4752161.
4752161
What are the prime factors of 1234015?
5, 246803
List the prime factors of 282016.
2, 7, 1259
What are the prime factors of 8806726?
2, 1193, 3691
What are the prime factors of 2065224?
2, 3, 7, 19, 647
List the prime factors of 231694.
2, 31, 37, 101
List the prime factors of 7329924.
2, 3, 7, 17, 29, 59
List the prime factors of 481501.
481501
What are the prime factors of 13116078?
2, 3, 17, 42863
What are the prime factors of 4916658?
2, 3, 819443
What are the prime factors of 106349?
106349
List the prime factors of 19027857.
3, 29, 218711
What are the prime factors of 7942696?
2, 31, 32027
What are the prime factors of 1314601?
1314601
List the prime factors of 21532292.
2, 5383073
List the prime factors of 1415506.
2, 707753
List the prime factors of 299219.
37, 8087
List the prime factors of 454943.
454943
List the prime factors of 6036577.
6036577
What are the prime factors of 191801?
191801
List the prime factors of 42491.
42491
List the prime factors of 813762.
2, 3, 53, 853
What are the prime factors of 2681702?
2, 149, 8999
List the prime factors of 11609283.
3, 7, 17, 31, 1049
List the prime factors of 382338.
2, 3, 11, 1931
List the prime factors of 149366.
2, 7, 47, 227
List the prime factors of 287901.
3, 10663
List the prime factors of 188775.
3, 5, 839
List the prime factors of 119198.
2, 107, 557
What are the prime factors of 8902344?
2, 3, 11, 33721
List the prime factors of 3379306.
2, 7, 281, 859
List the prime factors of 3794091.
3, 7, 19, 37, 257
What are the prime factors of 509253?
3, 169751
List the prime factors of 759782.
2, 23, 83, 199
List the prime factors of 356794.
2, 178397
List the prime factors of 1154940.
2, 3, 5, 19249
What are the prime factors of 217424?
2, 107, 127
What are the prime factors of 1102339?
7, 157477
List the prime factors of 231629.
19, 73, 167
List the prime factors of 4087202.
2, 7, 29, 10067
What are the prime factors of 4384500?
2, 3, 5, 37, 79
What are the prime factors of 19346888?
2, 11, 219851
What are the prime factors of 4548255?
3, 5, 303217
What are the prime factors of 3736717?
3736717
What are the prime factors of 120532?
2, 30133
What are the prime factors of 1750484?
2, 23, 53, 359
List the prime factors of 8386080.
2, 3, 5, 17471
List the prime factors of 1295883.
3, 137, 1051
List the prime factors of 9761753.
9761753
What are the prime factors of 2668693?
2668693
What are the prime factors of 23355361?
1193, 19577
List the prime factors of 6914385.
3, 5, 19, 8087
List the prime factors of 158574.
2, 3, 13, 19, 107
List the prime factors of 5432086.
2, 11, 246913
List the prime factors of 126857.
126857
What are the prime factors of 6299267?
13, 151, 3209
What are the prime factors of 2349663?
3, 883, 887
What are the prime factors of 2598065?
5, 59, 8807
What are the prime factors of 1935738?
2, 3, 7, 569
List the prime factors of 624182.
2, 13, 24007
What are the prime factors of 1633155?
3, 5, 108877
What are the prime factors of 178552?
2, 11, 2029
What are the prime factors of 5554869?
3, 17, 43, 149
List the prime factors of 3696442.
2, 1848221
List the prime factors of 12504521.
521, 24001
List the prime factors of 508541.
11, 83, 557
What are the prime factors of 296209?
139, 2131
What are the prime factors of 16071535?
5, 389, 8263
What are the prime factors of 2829138?
2, 3, 13, 19, 23, 83
What are the prime factors of 32964?
2, 3, 41, 67
What are the prime factors of 2543907?
3, 847969
What are the prime factors of 405573?
3, 7, 31, 89
List the prime factors of 825991.
825991
List the prime factors of 556374.
2, 3, 7, 13, 1019
What are the prime factors of 427866?
2, 3, 29, 2459
What are the prime factors of 291297?
3, 89, 1091
What are the prime factors of 155908?
2, 38977
List the prime factors of 2296838.
2, 113, 10163
What are the prime factors of 429566?
2, 214783
List the prime factors of 9553270.
2, 5, 31, 30817
What are the prime factors of 4017300?
2, 3, 5, 7, 1913
List the prime factors of 232185.
3, 5, 23, 673
What are the prime factors of 12753684?
2, 3, 23, 73, 211
What are the prime factors of 830930?
2, 5, 83093
What are the prime factors of 665658?
2, 3, 7, 587
What are the prime factors of 1325576?
2, 7, 23671
What are the prime factors of 22751659?
7, 67, 139, 349
List the prime factors of 668689.
7, 95527
What are the prime factors of 10474489?
10474489
What are the prime factors of 552370?
2, 5, 7, 13, 607
What are the prime factors of 203052?
2, 3, 16921
List the prime factors of 930009.
3, 151, 2053
List the prime factors of 20341107.
3, 43, 52561
What are the prime factors of 27102?
2, 3, 4517
List the prime factors of 2924626.
2, 1462313
List the prime factors of 340938.
2, 3, 13, 31, 47
List the prime factors of 23499950.
2, 5, 17, 27647
List the prime factors of 1201867.
241, 4987
List the prime factors of 87534.
2, 3, 1621
List the prime factors of 1383501.
3, 7, 65881
What are the prime factors of 369155?
5, 17, 43, 101
List the prime factors of 208898.
2, 149, 701
List the prime factors of 404468.
2, 101117
List the prime factors of 24557.
13, 1889
What are the prime factors of 363626?
2, 181813
List the prime factors of 594879.
3, 47, 4219
List the prime factors of 4291603.
4291603
What are the prime factors of 351492?
2, 3, 17, 1723
List the prime factors of 5807462.
2, 2903731
What are the prime factors of 7461589?
17, 67, 6551
List the prime factors of 20947559.
20947559
What are the prime factors of 7037877?
3, 7, 11, 30467
List the prime factors of 1003187.
17, 59011
What are the prime factors of 2191642?
2, 1095821
What are the prime factors of 802981?
29, 27689
What are the prime factors of 161094?
2, 3, 26849
List the prime factors of 644955.
3, 5, 19, 31, 73
List the prime factors of 459.
3, 17
What are the prime factors of 1455828?
2, 3, 11, 41, 269
List the prime factors of 4187704.
2, 523463
What are the prime factors of 2286940?
2, 5, 29, 3943
List the prime factors of 16728621.
3, 7, 13, 29, 2113
List the prime factors of 20455384.
2, 71, 36013
What are the prime factors of 53217?
3, 73
What are the prime factors of 346759?
7, 49537
What are the prime factors of 354357?
3, 39373
List the prime factors of 177684.
2, 3, 13, 17, 67
List the prime factors of 26643735.
3, 5, 21929
List the prime factors of 9636557.
7, 659, 2089
What are the prime factors of 13020169?
13020169
What are the prime factors of 227689?
7, 11, 2957
List the prime factors of 18174202.
2, 761, 11941
List the prime factors of 302090.
2, 5, 17, 1777
What are the prime factors of 111046?
2, 13, 4271
List the prime factors of 237570.
2, 3, 5, 7919
What are the pr